d. What is the highest common divisor of d and 120?
40
Suppose -4*d = 4*r - 228 + 68, -d - 4*r + 40 = 0. Let z(f) = 121*f - 3. Let h be z(3). Calculate the greatest common factor of h and d.
40
Suppose -2*r - 2*n + 5*n - 1 = 0, -22 = 2*r + 4*n. Let k be (-8)/(200/135)*r. Calculate the greatest common divisor of k and 216.
27
Let n be (-80)/(-14)*3*14/12. Calculate the highest common factor of 45 and n.
5
Let n be 2/((-3 + 2)*-1). Suppose -2*k = -5*k - 2*s + 31, 0 = -2*k - n*s + 24. Suppose -g = -0 - k. Calculate the highest common divisor of g and 35.
7
Let q be (6 - -2)/2 + (2 - 3). Calculate the greatest common divisor of q and 12.
3
Suppose 5*d = 5*s + 2475, -5 = -5*s + 6*s. What is the greatest common divisor of 20 and d?
10
Suppose -5*m + 89 = 4*y, m + 66 = 4*y - 17. What is the greatest common factor of y and 42?
21
Suppose 3*r - 3*w = 5*r - 32, 0 = -r - 5*w + 9. Suppose 33*l + 2*l - 1330 = 0. What is the greatest common factor of l and r?
19
Let d be (-39)/(-741) + 3246/57. Calculate the greatest common factor of d and 190.
19
Let v(x) = -x**2 - 5*x - 11. Let j be v(-5). Let h = -6 - j. Suppose u + r - h = 0, r - 1 = -2. Calculate the greatest common divisor of 4 and u.
2
Let x be -3 + 2380/(-245)*(-14)/4. What is the highest common factor of 2077 and x?
31
Suppose 13*o - 607 - 888 = 0. Suppose 4*p + 2*r = 2*p + 64, 5*p - o = 4*r. What is the highest common factor of p and 216?
27
Let d = -83 - -207. Suppose 2*i = q - d, -6*q + q - 2*i + 656 = 0. What is the highest common factor of q and 10?
10
Let h be 8/52 + ((-315)/(-65) - 3). Let x = 25 - -11. Suppose 14 = -h*r + x. Calculate the highest common factor of 22 and r.
11
Suppose -y - 5*m + 12 = y, m = 2*y. What is the highest common factor of 55 and y?
1
Let z = 893 - 869. Calculate the greatest common factor of 252 and z.
12
Suppose -z + 14*g + 70 = 12*g, g - 5 = 0. What is the greatest common factor of 32 and z?
16
Let f(s) = -6*s**3 + 2*s + 2*s**2 - s + 0*s - 74*s**3. Suppose 5*k + 2 + 3 = 0. Let x be f(k). What is the highest common factor of x and 9?
9
Suppose 0 = -2*p - 4, 0 = 10*s - 12*s + 4*p + 14. Let b be 6/((6/8)/s). What is the highest common divisor of b and 16?
8
Let w = 16 - 19. Let k be (-63)/w*(-16)/(-12). Calculate the greatest common divisor of k and 70.
14
Suppose 2*v + 3*s + 12 = 0, 4 = v + 4*s + 20. Suppose 0 = 6*k - 8*k + 260. Let j = v + k. What is the greatest common factor of 52 and j?
26
Let q(r) = -r**2 - 13*r + 51. Let b be q(-9). What is the highest common factor of b and 667?
29
Let t be 1/((-54)/(-12)) + (-32)/(-18). Suppose 0 = -t*f + 242 + 52. What is the highest common factor of f and 21?
21
Let t(z) = -z - 4. Let q(p) = p**2 - 6*p - 3. Let m be q(6). Let w be t(m). Let o be w/(((-9)/(-6))/(-3)). What is the greatest common factor of 12 and o?
2
Suppose -223 - 49 = -5*h - 2*l, -3*h + 172 = -l. Suppose 2*t + 0*a - 76 = -2*a, -5*t = -2*a - 218. Calculate the highest common factor of h and t.
14
Let p(z) = 18*z - 198. Let r be p(32). Calculate the greatest common factor of r and 9.
9
Let c = 41 + -33. Suppose -5*d + 379 = -4*j, -4*d + 168 + 134 = -2*j. Let h be ((-16)/(-6))/(10/d). What is the greatest common divisor of h and c?
4
Let f(c) = -11*c + 53. Let h be f(-6). Let u = 236 - h. Calculate the highest common divisor of 18 and u.
9
Let z(b) = 3*b - 13. Let l be z(7). Let i be 34/4 - (-12)/l. Let s be (-3608)/(-36) - 2/9. Calculate the highest common factor of s and i.
10
Let c be 16/(11 + -7) - -34. Calculate the greatest common divisor of 874 and c.
38
Suppose -202 - 98 = -4*x. Suppose 5*o - x = -3*n + 3*o, 0 = -4*o. Calculate the greatest common factor of 15 and n.
5
Suppose 7*k - 48 = -k. What is the highest common factor of 54 and k?
6
Let w(f) = -4 - 3*f + 2 + 6 + 4*f. Let p be w(3). Calculate the greatest common factor of 14 and p.
7
Let p = 411 - 393. Calculate the highest common divisor of 306 and p.
18
Suppose 15 - 3 = 3*l. Let n be 40*1 + -6 + l. Suppose 5*g - n = 2. What is the greatest common divisor of 24 and g?
8
Let z be 7 - (-4 + 1 + 6). Let l(h) = 9*h. Let f be l(-1). Let m = f - -13. What is the highest common divisor of m and z?
4
Suppose -3*z - 2*j + 377 = -66, -4*j - 731 = -5*z. Calculate the highest common divisor of 9 and z.
3
Let j be 2/((-7)/(-3) + -3). Let q be j/(-2) + 45/2. Calculate the greatest common divisor of 16 and q.
8
Let f be (-7)/14*8 + 49. What is the greatest common divisor of f and 9?
9
Suppose -2*s - 2*s + 24 = 0. Let c(p) = p**2 - 37*p - 117. Let d be c(-3). Calculate the highest common divisor of s and d.
3
Suppose -14*z + 13*z = 54. Let y = z + 102. What is the greatest common factor of 72 and y?
24
Let k = -2104 - -2192. What is the greatest common divisor of k and 8?
8
Let m = 145 - 82. Suppose n + 3 = 4*n, -2*n = -r. Suppose 2 = r*y - 12. Calculate the greatest common factor of y and m.
7
Let v(w) = w**2 + 21*w + 78. Let n be v(-3). Let c = 15 - 3. Calculate the highest common factor of n and c.
12
Let t = 1899 + -1822. What is the highest common factor of t and 187?
11
Let j(x) = -x**2 + 105. Suppose 0 = 7*m - 5*m. Let o be j(m). Calculate the highest common factor of 15 and o.
15
Let h be (-3 + 3)/1 + 5. Let v be 36 + 2/2 - (-18)/6. Calculate the greatest common divisor of h and v.
5
Suppose -356 - 64 = -42*u. Let q(l) = -l**3 - 4*l**2 + 4*l + 2. Let r be q(-6). Calculate the highest common factor of r and u.
10
Let y be (10 - -6)*6/8. Let z(l) = -2*l + 10. Let c be z(7). Let q be c/6*(y - 15). What is the greatest common divisor of q and 4?
2
Let y(t) = 46*t**3 + t**2 - 3*t + 1. Let o be y(1). What is the highest common divisor of 765 and o?
45
Let o be (1 - -18) + 9 + 0 + -4. Calculate the highest common divisor of o and 3.
3
Suppose 2 = -5*c + 4*o - 0, 4 = -2*o. Let u be ((-60)/(-70))/(c/(-84)). What is the greatest common factor of u and 24?
12
Suppose -x + 802 = 5*o, 2*o - 364 = -3*x - 38. Calculate the highest common factor of o and 64.
32
Suppose -180 = -u - 5*u. Let j(c) = c**3 - 4*c**2 + 5*c - 4. Let n be j(3). Suppose -n*v + 22 = -18. Calculate the greatest common factor of v and u.
10
Let u be ((-3)/9 + 0)*0/(-2). Suppose u*l = -5*l + 300. Calculate the greatest common divisor of 30 and l.
30
Let g = -345 + 357. What is the greatest common factor of g and 564?
12
Suppose -n = 4*v - 436, v - 2*n + 116 = 2*v. Suppose 2*z - 3*z = -v. What is the highest common factor of 12 and z?
12
Let n(q) be the first derivative of -q**3/3 + 6*q**2 + 11*q - 1. Let g be n(12). Calculate the highest common factor of g and 99.
11
Let n(k) = -k**3 + 9*k**2 - k - 6. Let z be n(8). Let r(h) = 2*h + 25. Let v be r(-8). Suppose -v = -5*s + 91. Calculate the highest common factor of s and z.
10
Let s(w) = 4*w**2 + 30*w + 15. Let t be s(-8). Calculate the highest common divisor of 403 and t.
31
Let k(s) = -5*s - 4. Let h be k(-3). Suppose 711 = 5*g + o, 3*g = -39*o + 34*o + 409. Calculate the highest common divisor of g and h.
11
Let q = -119 + 121. Let t be -1 + -1 + 8 + 0. What is the greatest common factor of t and q?
2
Let a be (1/(-2))/((-9)/1080). Suppose 5*o - 5 - a = 0. Calculate the greatest common divisor of 39 and o.
13
Suppose 0*d - 21 = -3*d. Suppose 0 = -d*k + 69 - 13. Let f be (k/12)/((-2)/(-33)). What is the highest common factor of 44 and f?
11
Suppose 3*z - 4*z - z = 0. Suppose z = -3*n - k + 364, 4*n - n - k - 356 = 0. Calculate the highest common factor of n and 45.
15
Let g = 33 - 6. Let v = g - 3. Suppose -4*i = -4*c - 52, 4*c + 47 = 4*i + c. Calculate the highest common divisor of v and i.
8
Let b(j) = 35*j**3 - j**2 - 4*j + 2. Let m be b(2). Calculate the greatest common factor of 18 and m.
18
Let j = 161 + -134. Calculate the greatest common divisor of j and 54.
27
Suppose 4*z + 1 = -19. Let s = 7 + z. What is the highest common factor of s and 6?
2
Let a be 56/((-1)/(120/(-10))). What is the highest common divisor of 126 and a?
42
Suppose -1702 = -4*b + 678. Calculate the highest common factor of 17 and b.
17
Let q(o) = 2*o**2 + 22. Let r be q(11). Calculate the greatest common divisor of r and 120.
24
Let y(q) = -q**3 + 2*q**2 + 2*q. Let v be y(-2). Let p be 16/v*(2 + 1*4). Let i = 9 - 1. What is the greatest common factor of p and i?
8
Let q(b) be the first derivative of b**4/4 + 2*b